18. Let l be z(-11). What are the prime factors of 34 + l/7*(3 + -1)?
2
Suppose 6*t = -2*t + 24. What are the prime factors of (-104)/(-5)*t/(-6)*-10?
2, 13
Let o be ((-12)/(-12))/((-1)/4). Let h be 1 + 3 + o + 4. Suppose h*p - 252 = -0*p. List the prime factors of p.
3, 7
Suppose -2*i - 9 = 19. Let w be (4/i)/((-10)/70). Suppose 2*a - 28 = w. What are the prime factors of a?
3, 5
What are the prime factors of (-4)/(-8)*1750 - -2?
877
Let a = 11 + -9. Let g be a/8 + (-75)/(-20). Suppose -g*w + 43 = -13. List the prime factors of w.
2, 7
Let f(d) = -d + 3. Let g be f(0). Suppose 2*w + g*j - 5 - 106 = 0, 2*w - 106 = 2*j. Suppose w = a - 3. List the prime factors of a.
3, 19
Let v = 488 + -371. List the prime factors of v.
3, 13
Let l = 594 + -290. List the prime factors of l.
2, 19
Let b(r) = -5*r + 26. Let x(k) = 2*k - 9. Let p(u) = 4*b(u) + 11*x(u). What are the prime factors of p(7)?
19
Let l = 1537 + -478. What are the prime factors of l?
3, 353
Let m(b) = -1369*b - 105. What are the prime factors of m(-3)?
2, 3, 23, 29
Let y be (-804)/(1 - 4) - 3. Let f = y + -95. Suppose -z - 2*z + f = 5*r, -r = -z + 46. List the prime factors of z.
2, 5
Let b(h) = 2*h - 2*h + 5 - h + 1. Let u be b(3). Suppose -2*m - 27 = -u*m. List the prime factors of m.
3
Suppose 2*b - 5 = -23. Let c = 18 + b. What are the prime factors of c*(-5 + 2 + 4)?
3
Let i = 15 + -20. Let y(a) = -4*a - 18. What are the prime factors of y(i)?
2
Suppose -o + 2*o - 27 = 0. Let c = o - -12. List the prime factors of c.
3, 13
Let k = 1212 + -459. What are the prime factors of k?
3, 251
Suppose x + 3 = -2*x. What are the prime factors of 6*((2 - x) + 10)?
2, 3, 13
Suppose 2*n = 3*n + 3, 2*y - 5*n = -7. Let o(s) be the first derivative of -s**3/3 - 13*s**2/2 + 10*s + 2. What are the prime factors of o(y)?
2
Suppose -4*h + 16 = 4*f, -9 + 29 = 5*f - 4*h. What are the prime factors of 11 - (0/(-1) + f)?
7
Let d = 67 - 67. Suppose -4*l + h + 106 = -59, d = -3*h - 3. What are the prime factors of l?
41
What are the prime factors of (-4700)/(-8) - 3/(-18)*-9?
2, 293
List the prime factors of ((-72)/(-48))/(12/9736).
1217
Suppose 14*l - 1745 = 82003. List the prime factors of l.
2, 3, 997
Let a(d) = d**2 - 3*d - 2. Let x be (-4)/10 - 42/(-5). Suppose i = x - 0. List the prime factors of a(i).
2, 19
Let m = -18 - -22. Suppose -u - 20 = m. List the prime factors of 1 - 5 - -3 - u.
23
What are the prime factors of (-3694)/(-7) - ((-242)/14 + 17)?
2, 3, 11
Suppose 3*q = f - 158, -4*q - f - 119 - 101 = 0. Let j = q - -26. Let l = -5 - j. List the prime factors of l.
23
Suppose -3*p - 12 = -2*k, 2*k + 0*k - 4*p = 14. Let x = k + -1. Suppose -5*m + x*m = -63. What are the prime factors of m?
3, 7
Suppose -2*k = 2, -11 = o - 2*o + 5*k. Suppose o*f - 11*f = -90. List the prime factors of f.
2, 3
Let y(s) = 26*s. Let b be y(-1). Let h = -24 - b. What are the prime factors of 95/10*(h - -4)?
3, 19
Let f be 35/(-1)*(-34)/(-1 + 3). Suppose -4*t + 1 = -3*t, -3*v = t - f. List the prime factors of v.
2, 3, 11
Let d be 22/(-4)*(-11)/(44/(-40)). Let s = d - -88. What are the prime factors of s?
3, 11
Let p(c) = -4*c**2 + 16*c + 188. Let s be p(12). Let h = -229 - -90. Let a = h - s. List the prime factors of a.
3, 19
Suppose 2 = 5*b - 2*s - 18, -10 = 2*s. Let l be (984/20)/((-2)/(-5)). Suppose -2*r - b*d = -60, -4*r + d - 6*d + l = 0. List the prime factors of r.
3
Suppose 2*a + 2*r + 8 = 0, 2*a - 4*r - 18 + 2 = 0. Suppose a = -2*i - l + 29, 6*l = 2*i + l - 23. Suppose d - 5 = i. What are the prime factors of d?
19
List the prime factors of (-348)/(-9)*(-60)/50*-25.
2, 5, 29
Let m(l) = l**3 - 6*l**2 + 3*l + 7. Let q be m(5). Suppose -20*i + 11 = -209. Let w = q + i. List the prime factors of w.
2
Suppose 0 = -4*h - 4*f + 36, -2*h - 3 = -h - 5*f. Let t(m) = 17*m + 20. List the prime factors of t(h).
139
Let y(a) = -162*a - 11. Let s be y(-5). Suppose -4*j + f = -s, f = j - 3*f - 196. List the prime factors of j.
2, 5
List the prime factors of -6 - (6/(-15) - 88784/40).
2, 3, 41
Suppose -k = 5*y - 1676, y = 2*k + k - 5092. What are the prime factors of k?
2, 53
Let v(z) = 2*z**2 + 2*z - 2. Suppose -t = 3*i - 15, 4*i + 0 = 16. Suppose t*n + 0*w = 3*w - 18, -2*n - 18 = -4*w. What are the prime factors of v(n)?
2, 5
Let k = -1256 + 4237. What are the prime factors of k?
11, 271
Let o(r) = -7*r**3 + 3*r**2 + 3*r + 4. Let j be o(-2). Suppose -2*u + s + 47 = 6*s, -3*u = 3*s - j. Suppose -k = -8 - u. List the prime factors of k.
29
What are the prime factors of 8/(-1)*(-123)/4?
2, 3, 41
Suppose -98*u + 99*u - 5 = 0. Suppose -210 = 3*g - u*g. What are the prime factors of g?
3, 5, 7
Let m(g) = g**2 - 6*g + 3. Let n be m(5). Let b be 20 + 2 + n + 2. Let d = b + 3. List the prime factors of d.
5
Let i be (-36)/126 + (-4)/(-14). What are the prime factors of -9 + 340 + -1 + i?
2, 3, 5, 11
Let j = 346 - 676. Let k = -58 - j. What are the prime factors of k?
2, 17
Suppose 5*w + 91 = -2*w. Let h(q) = -q**3 - 11*q**2 + 17*q - 17. List the prime factors of h(w).
2, 5
Let g = 5361 - 2092. List the prime factors of g.
7, 467
Let f(c) = 24*c - 1. Let v be 0/3 - (-4 + 1). List the prime factors of f(v).
71
Let r = 643 + -495. What are the prime factors of r?
2, 37
Let m(r) = 10*r**2 + 12*r + 15. Let v be m(-8). Suppose -v - 551 = -10*x. What are the prime factors of x?
3, 37
Suppose 2*a + 55 = 3*j, -4*j - 37 - 3 = 3*a. Let m = 21 + a. List the prime factors of 9*(m + (-2)/6).
2, 3
What are the prime factors of 54999/63 - (1 + 8)?
2, 3
Let c(x) = -x**3 + 12*x**2 + 28*x. Let b be c(14). Suppose b*m - 4*y + 55 = m, 3*m - 141 = -4*y. What are the prime factors of m?
43
Suppose -12 = -4*d, 5*w + 5*d = w + 11. Let m be (w/(-2))/(3/(-48)). List the prime factors of (-6 + 1)*m/10.
2
Let v be (-18)/(-81) + 2/(-9). Suppose -3 = -v*h + 3*h. What are the prime factors of 201/12 + h/(-4)?
17
Let c(d) = -d**2 + 9*d - 4. Let y be c(8). Suppose -6*s = y*t - 11*s - 332, -5*t + 4*s = -415. List the prime factors of t.
83
Suppose 4*a = 6*k - 3*k + 31, 0 = 4*a - 4*k - 32. Let m = 10 - a. What are the prime factors of 10/(-15) - (-20)/m?
2, 3
Suppose -r + 429 = -q, 862 = 2*r - 3*q - 0*q. Suppose -165 = 5*w - r. What are the prime factors of w?
2, 13
Let n(p) = 2*p**2 + 15*p - 20. List the prime factors of n(-23).
3, 7, 11
Suppose 3*m + 352 - 8467 = 0. List the prime factors of m.
5, 541
Let u(i) = -199*i**3 - i. Suppose r + 5*j = 2 + 2, 0 = -3*r - 4*j + 1. What are the prime factors of u(r)?
2, 5
Suppose -17*q + 347 = -163. Let x = -11 + -5. Let t = x + q. List the prime factors of t.
2, 7
Let w = 34 + -28. Suppose 5*u = w*u - 71. List the prime factors of u.
71
Let f(r) = -201*r**3 + 7*r**2 - r + 4. What are the prime factors of f(-2)?
2, 821
Let k(q) = -q**3 - 34*q**2 + 33*q + 52. What are the prime factors of k(-36)?
2, 7, 13
Let g = -315 + 317. What are the prime factors of g?
2
List the prime factors of ((-25)/15)/(-1)*159.
5, 53
Let o(j) = 18*j + 78. List the prime factors of o(6).
2, 3, 31
Let q(p) = 16*p - 12. Let y be q(1). Let x(z) = z**2 - 11*z + 12. Let v be x(8). List the prime factors of (-2)/2 - v/y.
2
Let t(k) = -k**2 - 7*k - 2. Let n be t(-8). Let l be 15/(-6)*8/n. Suppose 75 = 3*w + l*j + j, 0 = 4*w + j - 97. List the prime factors of w.
2, 3
Let d = -4126 - -6235. What are the prime factors of d?
3, 19, 37
Let t(o) = -53*o - 122. What are the prime factors of t(-14)?
2, 5, 31
Suppose -13*h + 28 = -24. What are the prime factors of (-15 + h)/((-1)/8)?
2, 11
Let x(h) = 14*h**3 + 4*h**2 + 14*h - 62. What are the prime factors of x(3)?
2, 197
Let d(c) = -c + 1. Let k be d(1). Suppose k = -4*y + y + 246. Suppose 2*l - 4*a = -l + y, 2*l + 3*a - 49 = 0. What are the prime factors of l?
2, 13
Let f = 2696 + 519. List the prime factors of f.
5, 643
Suppose 1086 = 2*t - 4*r, 0 = 5*t + 3*r - 2885 + 131. What are the prime factors of t?
3, 61
Let v = 1818 + 430. List the prime factors of v.
2, 281
Suppose -2*v + 620 = -2*u, -u - 618 = u - v. What are the prime factors of u/(-9) - 12/54?
2, 17
Suppose 3*l + 5*u + 4 = 23, -57 = -5*l - 2*u. Suppose b + 4*y - 14 = 0, -2*b + l = -0*b + 3*y. List the prime factors of -6*1*(b + -3).
2, 3
Let g = -244 + 343. Suppose 259 - g = a. List the prime factors of a.
2, 5
Suppose 17*n - 11730 = 2*n. Suppose 